is the greatest common divisor of j and i?
2
Suppose 3*j - 74*v - 684 = -70*v, 1145 = 5*j - 5*v. What is the greatest common factor of j and 4988?
116
Suppose 0 = -l - 4*g + 2, -g + 3 = l + 2*g. Let j = 21 - 17. Suppose 3*o = j*k + 218, 5*k + 21 - 128 = -2*o. Calculate the greatest common divisor of l and o.
6
Let c(y) = 20*y**2 - 7*y + 31. Let r(j) = -4*j + 47. Let d be r(11). Let x be c(d). Calculate the greatest common factor of 10 and x.
10
Suppose u + n + 18 - 25 = 0, -5*n = u - 23. Let b = -48 - -66. Calculate the greatest common factor of u and b.
3
Let g be ((-6)/(-7))/((-1)/(-14)*1). Let u be ((-48)/18)/((-2)/g). Let j be (3/6)/((-2)/(-8)). Calculate the greatest common factor of j and u.
2
Let b = 18 + -28. Let d(u) = -8*u + 30. Let s(t) = 22*t - 90. Let o(j) = 17*d(j) + 6*s(j). Let h be o(b). What is the greatest common factor of 4 and h?
2
Let q be (15370/424)/((-5)/(-328)). What is the highest common factor of 116 and q?
58
Let t = -1872 - -1888. What is the greatest common factor of t and 1708?
4
Let h be (0/3)/(2 - 3). Suppose 3*u + y - 624 = -0*y, -4*u - y + 832 = h. What is the greatest common divisor of 13 and u?
13
Let z(d) = -d**3 + 7*d**2 - 5*d - 2. Let p be z(6). Suppose 0 = -v - p*o - o + 396, -v + o + 390 = 0. What is the greatest common factor of 17 and v?
17
Let r(h) = -130*h + 287. Let c be r(7). Let v = c - -705. Calculate the highest common divisor of 1066 and v.
82
Suppose -p = p - 146. Let k = 312 - 312. Suppose k = 3*s + 10 - p. What is the greatest common divisor of 7 and s?
7
Let y be (6/(-4))/(36/72). Let a(p) = 75*p**2 - 9*p - 31. Let l be a(y). What is the highest common divisor of l and 61?
61
Let n(f) = 18*f - 1341. Let v be n(81). Calculate the highest common divisor of 6 and v.
3
Let r(o) = o**2 + 27*o + 149. Let y be r(-22). Calculate the highest common factor of y and 637.
13
Suppose -34*j - 382 = -36*j. Suppose -5*h + 194 = -l - 29, 4*h = 5*l + j. What is the highest common factor of h and 198?
22
Let t = 4993 + -4725. Calculate the greatest common factor of t and 36.
4
Suppose -2*k + 642 = 34*y - 32*y, -1285 = -4*k - 5*y. Calculate the greatest common factor of 704 and k.
64
Let r be 5 + 2 + 4 + -3. Suppose 27 = r*v - 453. Let f(p) = -12*p. Let l be f(-2). Calculate the highest common factor of v and l.
12
Let x(r) = 10*r**2 - 498*r - 36. Let y be x(50). What is the highest common divisor of y and 44?
4
Let y = 51 - 47. Suppose -292 = -y*n + 652. Suppose n = 9*f - 286. Calculate the highest common factor of f and 145.
29
Suppose 5*w = -6*n + 9*n + 74758, w = 5*n + 14978. Calculate the highest common factor of 111 and w.
37
Suppose 5*d - 112755 = -108820. Calculate the greatest common divisor of 4 and d.
1
Suppose 153*o - t - 524 = 152*o, 0 = -5*t - 5. Let g = -251 + o. Calculate the greatest common divisor of 48 and g.
16
Let i(g) = -g**2 - 834*g - 7389. Let y be i(-9). Calculate the greatest common factor of y and 12876.
12
Suppose 11*h + 490 = 688. Calculate the greatest common factor of 156 and h.
6
Let u(k) = k**3 - 19*k**2 - 16*k + 48. Let o be u(22). Suppose 10*d = 232 + o. Let j = 186 - d. Calculate the highest common factor of 528 and j.
48
Let j be 1 - (-2 + 2) - (-4 - -1). Let r = j - 10. Let i = 83 + r. What is the greatest common factor of 22 and i?
11
Suppose 23*v - 21337 = -68*v + 19067. What is the highest common divisor of v and 108?
12
Suppose -f + 5*f - 12 = 0. Suppose 5*z - 3*n = 267, -z - 3*n + 5*n + 59 = 0. What is the highest common divisor of z and f?
3
Let d = -16 + 45. Let g(z) = 2*z**2 + 76*z + 1. Let r be g(-38). Let n be ((0 - d)/r)/2*-2. Calculate the greatest common divisor of 145 and n.
29
Let c be -2 - (-1)/(2/164). Let s be (48420/21)/10 + 6/14. Let r = s + -199. What is the greatest common divisor of c and r?
16
Let b(a) = a**2 - 58*a + 706. Let c be b(54). What is the greatest common factor of c and 560?
70
Let t(k) = 42*k + 844. Let o be t(-13). Suppose 3*c - 2*d = 38, 2*c + 3*d - 4*d = 24. Let x = o + c. What is the highest common divisor of x and 28?
28
Let m = 6231 - 5031. Calculate the highest common divisor of m and 15.
15
Let k = -123 + 49. Let b = -44 - k. Let u(z) = 5*z**2 - 30*z + 10. Let s be u(7). What is the greatest common divisor of b and s?
15
Suppose -88*h + 83*h = -615. Suppose -2*t + 10 = 0, -4*t + 180 = 5*f - 9*t. Calculate the greatest common factor of h and f.
41
Let f be (-389)/(-3) + (-3)/(-9). Suppose 49*k + b = 51*k - 99, 5*b = -3*k + 181. What is the greatest common divisor of f and k?
26
Let y(s) = -s**3 - 12*s**2 + 102*s + 1065. Let h be y(-14). Calculate the highest common divisor of 4089 and h.
29
Let u(l) = 2*l - 10. Let y be u(6). Suppose -86 = y*f - 406. What is the highest common factor of 10 and f?
10
Suppose 40*b - 33*b + 273 = 0. Let v be (-6 + b/(-6))*(-1 - -3). Suppose -3*u - 2*u = -15. What is the highest common divisor of v and u?
1
Suppose 21*l - 10*l = 14168. Calculate the greatest common factor of 35 and l.
7
Let t = -18 + 22. Let l be t - (32/(-12) + (-4)/(-6)). Let o = 36 + l. Calculate the highest common factor of 6 and o.
6
Suppose -2183 = -8*c + 3*c + x, -2*c - 3*x = -880. Calculate the greatest common factor of 69 and c.
23
Let g(u) = 3*u**2 + u - 134. Let s be g(-7). Let y = 1 - -17. Calculate the highest common factor of y and s.
6
Suppose 86*l + 21*l = 1391. Let x = 224 - 463. Let q = -122 - x. Calculate the greatest common factor of l and q.
13
Suppose -4*l - 374 = 22*i - 25*i, 5*l + 498 = 4*i. What is the greatest common divisor of i and 73322?
122
Let v = -64 + 66. Let p be 35 + 0/((-8)/v). Let l be 1745/p - (-2)/14. Calculate the highest common factor of 30 and l.
10
Suppose -53*g + 56*g = -21. Let f(q) = q**3 + 6*q**2 - 14*q - 48. Let v be f(g). Calculate the highest common divisor of 1 and v.
1
Let g = 195 + 95. Suppose 5*z + g - 1310 = 0. Suppose -2*c + 4*x = -z, -c = 4*x - 3 - 69. What is the highest common factor of c and 23?
23
Let y be (77/(-84)*3)/((-2)/32). Calculate the greatest common factor of 3322 and y.
22
Let q be (-7)/((39/(-18))/13). Let t be 12/q*14 + 0. Suppose -s - 4*m = 2*s - 112, 0 = 2*s - 5*m - 113. What is the greatest common factor of s and t?
4
Let v be (-1)/((-9)/(162/(-4)))*-672. Let u be ((21/6)/7)/(7/v). What is the highest common factor of u and 324?
108
Suppose -5*h = 1683 - 6903. Let u = h - 469. What is the greatest common factor of u and 23?
23
Suppose 8*o = -96 - 128. Let l = 33 + o. Suppose v + 24 = f, -7 = -l*f - 5*v + 63. Calculate the highest common divisor of 133 and f.
19
Let h = -2797 + 4650. What is the greatest common divisor of h and 218?
109
Let b = -3239 + 3253. What is the highest common divisor of b and 64?
2
Let j be 374/(-330) - (1 + 34/(-30)). Let y(q) = -31*q**3 + 2*q**2 + 3*q + 2. Let k be y(j). What is the highest common divisor of k and 80?
16
Let n be (6/(-5))/2 + 54/15. Let i be n/1 - (2 - (-2 + 6)). Suppose i*m = -0*m + 180. Calculate the greatest common divisor of m and 18.
18
Let r(i) = 898*i - 15122. Let y be r(17). Let h(u) = 6*u**3 + 2*u**2 + u - 3. Let t be h(3). What is the highest common factor of t and y?
36
Let s = 4163 - 4152. What is the greatest common factor of 638 and s?
11
Let z = -7 - -13. Let j = -4013 - -4151. Calculate the highest common divisor of j and z.
6
Suppose -25215 = -335*l + 23837 + 6223. Calculate the greatest common divisor of l and 2211.
33
Let v be (3 + 5 - 12) + -6*10. Let s = 404 + v. Calculate the highest common divisor of 20 and s.
20
Suppose -2*j + 6*k = k - 23, -5*j = 3*k - 104. Let i = 235 + -229. Suppose i*o - 162 = -48. Calculate the highest common divisor of o and j.
19
Suppose -4*l + 161 = -7*k, 28*l - 23*l - 168 = 4*k. Calculate the greatest common divisor of l and 10962.
14
Let x(b) = -b**2 - 83*b - 314. Let y be x(-63). Calculate the greatest common factor of y and 344.
86
Let m(r) = 16*r**3 + r**2 - 3*r + 2. Let i be m(1). Suppose -130*c + 137*c = 392. What is the greatest common factor of c and i?
8
Let p be -1 + 18 - ((-2 + 1)*-8)/(-2). What is the highest common factor of p and 1743?
21
Let y(w) = 19*w**2 - 37*w - 18. Let j be y(9). Let a = j + -810. Calculate the greatest common divisor of a and 42.
42
Suppose 0 = 4*y - 3*w + 369, -5*y - 6*w - 500 = -2*w. Let t = y - -189. Let m = 97 - t. Cal